e
Is 10395340 a multiple of 116?
True
Does 44 divide 244688?
False
Does 183 divide 370608?
False
Is 46 a factor of 14928672?
False
Is 47888 a multiple of 6?
False
Is 19 a factor of 1497308?
False
Is 1429065 a multiple of 77?
False
Does 25 divide 137475?
True
Does 14 divide 16316020?
True
Is 129 a factor of 3935790?
True
Is 116133 a multiple of 42?
False
Does 27 divide 686961?
True
Is 28 a factor of 354502?
False
Does 590 divide 267252?
False
Is 177031 a multiple of 43?
True
Is 56713 a multiple of 350?
False
Is 5720180 a multiple of 330?
False
Is 13418584 a multiple of 55?
False
Is 184985 a multiple of 283?
False
Does 235 divide 2229915?
True
Is 2805540 a multiple of 11?
False
Does 2 divide 890005?
False
Is 10 a factor of 1819670?
True
Does 44 divide 290664?
True
Is 13 a factor of 163475?
True
Does 208 divide 10998?
False
Is 58 a factor of 5541842?
True
Is 251 a factor of 3604523?
False
Does 12 divide 8955841?
False
Does 56 divide 14260?
False
Is 79 a factor of 15405?
True
Does 76 divide 1839478?
False
Does 162 divide 266256?
False
Is 53 a factor of 15584756?
True
Is 488224 a multiple of 32?
True
Does 10 divide 97066?
False
Is 2008131 a multiple of 209?
False
Does 80 divide 63040?
True
Is 7203262 a multiple of 22?
True
Does 437 divide 183103?
True
Does 19 divide 125856?
True
Is 1120 a factor of 3704747?
False
Is 514486 a multiple of 14?
True
Is 2154840 a multiple of 566?
False
Does 14 divide 180667?
False
Is 2847614 a multiple of 829?
False
Is 16 a factor of 68519?
False
Is 58 a factor of 219736?
False
Is 834980 a multiple of 10?
True
Is 1624645 a multiple of 4?
False
Is 141630 a multiple of 537?
False
Does 4 divide 39265?
False
Does 170 divide 1298626?
False
Does 85 divide 29235950?
False
Is 4 a factor of 2016596?
True
Is 37 a factor of 67747?
True
Is 13478 a multiple of 15?
False
Is 84 a factor of 69972?
True
Does 11 divide 1144550?
True
Is 636 a factor of 614970?
False
Is 264652 a multiple of 39?
False
Is 11 a factor of 354110?
False
Is 84 a factor of 162182?
False
Is 8 a factor of 9468?
False
Is 918811 a multiple of 676?
False
Is 2806781 a multiple of 9?
False
Is 3616200 a multiple of 8?
True
Is 59653 a multiple of 121?
True
Is 297477 a multiple of 29?
False
Does 18 divide 749934?
True
Does 7 divide 331388?
False
Is 9020808 a multiple of 6?
True
Is 681 a factor of 4777812?
False
Is 586637 a multiple of 26?
False
Is 2608049 a multiple of 33?
False
Is 28 a factor of 37912?
True
Is 992 a factor of 12215721?
False
Does 6 divide 192516?
True
Is 284092 a multiple of 31?
False
Does 836 divide 2324080?
True
Is 272712 a multiple of 11?
True
Does 66 divide 17303795?
False
Does 43 divide 15765?
False
Is 2483117 a multiple of 5?
False
Does 25 divide 96600?
True
Does 31 divide 4464?
True
Does 65 divide 174865?
False
Is 20962602 a multiple of 56?
False
Is 7 a factor of 33432?
True
Does 1951 divide 7793653?
False
Is 193 a factor of 12130524?
False
Is 153098 a multiple of 11?
True
Does 29 divide 97469?
True
Does 162 divide 206388?
True
Does 294 divide 1951176?
False
Is 2377392 a multiple of 12?
True
Does 11 divide 1163492?
True
Is 98 a factor of 5541940?
False
Is 6 a factor of 4228746?
True
Does 86 divide 31868?
False
Is 274 a factor of 1584816?
True
Does 208 divide 7290361?
False
Is 49 a factor of 126839?
False
Is 338 a factor of 30447?
False
Does 24 divide 205366?
False
Is 190372 a multiple of 28?
True
Is 7980 a multiple of 14?
True
Does 21 divide 5420312?
False
Is 61 a factor of 86479?
False
Is 153474 a multiple of 9?
False
Is 27720 a multiple of 30?
True
Is 457 a factor of 4398168?
True
Is 39 a factor of 176157?
False
Is 22 a factor of 23436?
False
Is 429 a factor of 10060479?
True
Is 143398 a multiple of 134?
False
Is 273 a factor of 4832646?
True
Does 6 divide 455041?
False
Is 7221 a multiple of 25?
False
Is 416 a factor of 227614?
False
Does 29 divide 3005531?
True
Is 45 a factor of 192322?
False
Is 173014 a multiple of 58?
True
Is 5 a factor of 743639?
False
Is 396 a factor of 32909?
False
Is 37 a factor of 73852?
True
Does 11 divide 99218?
False
Is 5113613 a multiple of 23?
True
Is 1141 a factor of 8414100?
False
Is 54090 a multiple of 9?
True
Is 15 a factor of 111634?
False
Is 2064120 a multiple of 40?
True
Is 1165098 a multiple of 33?
True
Is 62 a factor of 139346?
False
Does 12 divide 33509713?
False
Is 2790276 a multiple of 12?
True
Does 30 divide 203050?
False
Is 13 a factor of 290169?
False
Is 586329 a multiple of 8?
False
Is 170130 a multiple of 159?
True
Is 43 a factor of 346666?
True
Is 1901754 a multiple of 9?
True
Is 41202 a multiple of 18?
True
Is 85 a factor of 1362040?
True
Is 145384 a multiple of 11?
False
Is 98 a factor of 259994?
True
Does 131 divide 307719?
True
Does 6 divide 11029?
False
Does 1093 divide 10074181?
True
Does 225 divide 177975?
True
Is 13313288 a multiple of 311?
True
Is 563270 a multiple of 85?
False
Is 31 a factor of 1880018?
False
Is 10214568 a multiple of 1092?
True
Is 37 a factor of 208955?
False
Is 49 a factor of 18228?
True
Does 93 divide 128433?
True
Is 8 a factor of 1487402?
False
Is 16 a factor of 3144013?
False
Does 8 divide 920024?
True
Is 35 a factor of 4093460?
True
Is 468 a factor of 421263?
False
Does 183 divide 129198?
True
Does 344 divide 131611?
False
Does 114 divide 266646?
True
Is 79 a factor of 105352?
False
Does 14 divide 35864?
False
Does 3 divide 3996?
True
Does 772 divide 2180515?
False
Is 104 a factor of 606918?
False
Is 102770 a multiple of 130?
False
Is 256200 a multiple of 56?
True
Is 3 a factor of 111709?
False
Is 17009 a multiple of 73?
True
Is 681952 a multiple of 5?
False
Is 44 a factor of 76120?
True
Does 5 divide 399145?
True
Is 121 a factor of 442860?
True
Is 336869 a multiple of 181?
False
Is 170498 a multiple of 163?
True
Is 85375 a multiple of 328?
False
Is 12326186 a multiple of 482?
True
Does 784 divide 933724?
False
Is 831964 a multiple of 172?
True
Is 234 a factor of 1403532?
True
Is 407 a factor of 1305784?
False
Does 14 divide 552652?
False
Is 42 a factor of 2701700?
False
Does 284 divide 80629?
False
Is 326976 a multiple of 1572?
True
Is 18 a factor of 39042?
True
Is 119583 a multiple of 43?
True
Does 650 divide 1498384?
False
Is 327294 a multiple of 114?
True
Is 9919 a multiple of 11?
False
Does 117 divide 174096?
True
Is 315 a factor of 18515070?
True
Does 53 divide 20564?
True
Is 2009653 a multiple of 48?
False
Is 2020083 a multiple of 590?
False
Is 12 a factor of 7124?
False
Is 3052 a multiple of 7?
True
Is 12 a factor of 138516?
True
Is 583 a factor of 9392937?
False
Does 21 divide 171287?
False
Does 27 divide 62343?
True
Is 5 a factor of 1176650?
True
Is 9 a factor of 1372378?
False
Is 148 a factor of 272024?
True
Is 2964144 a multiple of 4?
True
Is 9 a factor of 256?
False
Is 5 a factor of 182355?
True
Is 3776040 a multiple of 408?
True
Is 1856041 a multiple of 3?
False
Does 197 divide 782548?
False
Is 214 a factor of 441372?
False
Does 10 divide 936160?
True
Does 160 divide 1310757?
False
Does 20 divide 40384?
False
Is 22704 a multiple of 24?
True
Is 371127 a multiple of 13?
False
Is 615776 a multiple of 425?
False
Does 105 divide 349467?
False
Is 162052 a multiple of 58?
True
Is 50 a factor of 520957?
False
Is 67 a factor of 814713?
False
Is 1832312 a multiple of 97?
False
Is 831164 a multiple of 42?
False
Is 462 a factor of 331470?
False
Does 11 divide 2026493?
False
Is 1328296 a multiple of 377?
False
Does 6 divide 3327312?
True
Is 1098858 a multiple of 1085?
False
Is 23 a factor of 1236250?
True
Does 27 divide 479655?
True
Is 1541591 a multiple of 62?
False
Is 23 a factor of 339092?
False
Is 11334200 a multiple of 424?
False
Is 4 a factor of 8834818?
False
Is 58 a factor of 669784?
True
Does 30 divide 1065234?
False
Does 504 divide 538796?
False
Does 342 divide 3695310?
True
Does 175 divide 45675?
True
Is 113 a factor of 4189023?
True
Is 470 a factor of 2159936?
False
Is 269144 a multiple of 6?
False
Does 42 divide 125766?
False
Is 338 a factor of 1791164?
False
Is 157 a factor of 1693233?
False
Is 19 a factor of 49742?
True
Is 16 a factor of 3101927?
False
Is 3 a factor of 569202?
True
Is 25 a factor of 359206?
False
Does 149 divide 131865?
True
Is 743169 a multiple of 21?
True
Is 1312040 a multiple of 74?
False
Is 1478387 a multiple of 23?
False
Is 